+ (-4)/(-18). Let b = 12 + i. Let l be (-7)/(b/(-6) - 0). Calculate the highest common factor of l and 28.
14
Suppose -246 = -4*h + 3*u, -2*h - 4*u = h - 172. Suppose 0*i + 15 = i. What is the highest common divisor of h and i?
15
Let o(m) = 17*m**2 - 4*m + 3. Let s be o(2). Calculate the highest common factor of s and 9.
9
Suppose 2*i - 120 = 7*i. Let m = 37 + i. Calculate the greatest common factor of m and 143.
13
Let j(v) = -v**3 - 8*v**2 - 9*v - 10. Suppose 2 = 5*w + 37. Let l be j(w). Calculate the highest common divisor of l and 12.
4
Let f(k) = -k**2 - 5*k + 2. Let w be f(-7). Let d = -7 - w. Calculate the greatest common divisor of d and 15.
5
Let g be 1/(-3) + (-136)/(-3). Let d be -42 + 42 + (-1)/(2/(-30)). Calculate the highest common divisor of d and g.
15
Let f = -5 - -5. Let s be f - -8 - 0/(-4). Suppose 4*h = o + 101, s*h - 4*h = -o + 91. What is the greatest common factor of h and 36?
12
Let j = 161 + -89. Calculate the highest common factor of j and 12.
12
Suppose -28 = -p - 3*p. Let m be ((-12)/5)/(p/(-350)). Calculate the greatest common factor of m and 15.
15
Let j(a) = a**2 - 2*a + 10. Let w be j(7). Let h be 1 - 2 - (-4 - 2). Calculate the highest common divisor of w and h.
5
Let r be (-1)/(2/(-6 + 2)). Let u be 1/(-1*(-1)/4). Suppose 3*k - 49 = -v + 16, -u = 4*v. What is the greatest common divisor of r and k?
2
Let s(i) = i**2 - 3*i + 7. Let g be s(7). Let q(h) = h**2 + 6*h + 5. Let o be q(-6). Calculate the greatest common divisor of g and o.
5
Let c be (13/2)/(8/48). Calculate the greatest common divisor of c and 13.
13
Let h = -3 + 5. Let a be (-2)/(-2)*(3 - -2)*2. Calculate the highest common divisor of h and a.
2
Let b = 12 - 7. Suppose 0 = -4*a - 17 + 57. What is the greatest common divisor of a and b?
5
Let k(j) = j**2 + 4*j - 6. Let y be k(-5). Let q be -3 + (7*-2)/y. Calculate the highest common factor of q and 22.
11
Let j be (-170)/(-7) - (-8)/(-28). What is the highest common divisor of 120 and j?
24
Let t = -11 - -11. Let o be t + 0 + 3 + 27. What is the highest common factor of 10 and o?
10
Let a = -11 - -15. Suppose -a*p + 20 + 0 = 0. Suppose -3*s - p*f + 124 = 0, -2*f - 64 + 206 = 4*s. What is the greatest common divisor of s and 22?
11
Let r(t) = t**3 - 2*t**3 + 6*t**2 + 1 + 5 - 6*t. Let c be r(4). Let o be (-4)/c - 153/(-21). What is the greatest common divisor of o and 14?
7
Let b = -20 + 26. Let p = 6 + 9. What is the highest common factor of b and p?
3
Let r be (-41)/(-2) - 2/(-4). Let a = -9 - -13. Suppose -5*v - 5 = 0, a*k + 0*v - 13 = v. Calculate the highest common divisor of r and k.
3
Let w = -97 - -163. Let t = -66 + 72. Calculate the highest common divisor of t and w.
6
Suppose 4*v = 2*i - 12, -3*i - i = -v - 52. Suppose -2*u + 28 = 6*r - 3*r, u = -r + 14. Calculate the highest common factor of u and i.
14
Suppose 5 - 2 = m. Suppose 0 = m*c + 22 - 58. Calculate the greatest common factor of c and 48.
12
Let p = 17 + 9. Calculate the highest common factor of 234 and p.
26
Suppose -183 = -3*v - 2*j + 185, -j = 5*v - 604. Calculate the highest common divisor of 48 and v.
24
Let g(b) = -1 + 0 - 3*b + 1. Let n be g(-1). What is the highest common divisor of 2 and n?
1
Suppose 120 = 17*g - 14*g. Suppose -11 = 2*k - 1, 4*k = -h - 4. Calculate the highest common factor of g and h.
8
Let s(i) = -i**2 - 10*i - 10. Suppose -35 = -0*j + 5*j. Let g be s(j). What is the greatest common factor of g and 88?
11
Suppose v = 2*w - 1, -4*w + 7*w = 4*v - 6. Suppose -v*j = -30 + 6. What is the greatest common divisor of 64 and j?
8
Let q be (-146)/(-6) - (-6)/9. Suppose a = 2*a - q. What is the greatest common factor of a and 10?
5
Suppose 36 = 3*l + l. Let d = 35 + 46. Calculate the highest common divisor of l and d.
9
Let d = -1 - -5. Suppose -28 = -4*t - 2*j, -d*t + 5*j - j = -52. What is the highest common factor of 3 and t?
3
Let j(c) be the first derivative of c**2/2 + 1. Let p be j(7). Let t = 14 - p. What is the greatest common factor of 63 and t?
7
Let w(l) = -l**2 - 26*l + 16. Let k be w(-26). Calculate the highest common divisor of k and 144.
16
Let w be 5 - (-2 + -1 + 4). Suppose 5*y - 24 + w = 0. Let c be (-2)/y + 42/4. Calculate the greatest common factor of c and 30.
10
Let y(b) = b**2 + 3*b - 3. Let a be y(-4). Let n be 2 + -4 + a + 7. Let u be (-12)/(n/45*-3). Calculate the highest common divisor of u and 5.
5
Let a be 35/3 - 1/(-3). Let x = 15 - 13. Suppose -78 = -3*p + x*y - 28, -2*p + 3*y = -30. Calculate the greatest common factor of p and a.
6
Let j(q) = -q + 5. Let r be j(3). Suppose 0*w - 1 = -w. Let k be (w - r)*-2 + 232. What is the highest common factor of k and 26?
26
Suppose 4*c - 4*t + 2*t - 12 = 0, -c + 5*t = 15. What is the greatest common divisor of c and 20?
5
Suppose 45 = -4*w + 49. Suppose -7 - 8 = 3*v, -24 = i + 5*v. Calculate the highest common factor of i and w.
1
Let n be ((-244)/20)/(-1) + 1/(-5). Calculate the greatest common factor of 12 and n.
12
Let k = 86 + -59. Suppose 5*y - 92 = -k. Calculate the greatest common factor of y and 26.
13
Let z(r) = r**2 - 7*r + 2. Let m be z(7). Suppose 0 = m*i - 8. Suppose 2*a = 7 + 1. Calculate the greatest common divisor of i and a.
4
Let g = -16 + 25. Let k(p) = -34*p + 1. Let m(n) = 35*n - 2. Let a(s) = 3*k(s) + 2*m(s). Let w be a(-2). Calculate the highest common factor of g and w.
9
Let o(n) = n**3 + 8*n**2 - 3*n + 3. Let z be o(-9). Let r = -35 - z. What is the highest common divisor of r and 112?
16
Let z(u) = 4*u**3 - u**2 + 3*u. Let p be z(2). What is the highest common factor of p and 306?
34
Let d = 91 - 60. Let b = d - 11. Calculate the highest common divisor of b and 4.
4
Suppose 3*f - 96 = 174. Suppose -f = -4*i + 2*i. What is the greatest common factor of 9 and i?
9
Suppose 3*p = -4*z + 162, 3*p - 3*z + 108 = 5*p. What is the highest common divisor of p and 12?
6
Let q be ((-6)/(-2))/((-3)/(-10)). Let m = q - 7. Calculate the greatest common divisor of m and 21.
3
Suppose -13*t = -7*t - 150. What is the highest common divisor of 25 and t?
25
Let t(g) = -3*g - g**3 - 7*g**2 - 3*g + 0*g + 7 + g. Let v be t(-6). Suppose -2*c + v = -c. What is the greatest common divisor of 8 and c?
1
Suppose c + 2*c - 5*x - 156 = 0, -44 = -c - x. Suppose 0 = 2*y + 2*s - 3*s - c, -5*s = 3*y - 103. Calculate the greatest common factor of 104 and y.
26
Suppose 2*f - 4*n = 10, 0 = -3*f + 11*n - 7*n + 17. Let k be 169/3 - (-2)/(-6). What is the greatest common factor of k and f?
7
Let s = -13 - -8. Let d(p) = 2*p + 11. Let q be d(s). Let m be -1 - (1 + 1*-11). What is the highest common divisor of m and q?
1
Let w = -5 - -15. Calculate the highest common divisor of w and 25.
5
Let v(s) = s**2 + s + 3. Let l be v(3). Suppose -2*n + 103 = d, n - 5*n = -4*d + 424. What is the greatest common factor of d and l?
15
Suppose 0*n = 3*n - 84. Suppose -9 = -w + 5. Calculate the highest common divisor of w and n.
14
Suppose 18 = -4*x + 222. Suppose -g = 3*a - x, g + a + 0*a = 47. Calculate the greatest common divisor of g and 5.
5
Suppose 0 = -2*n + 3 + 1. Suppose n*j = j + 10. What is the highest common factor of 30 and j?
10
Let z(x) = -x**2 - 8*x. Suppose 0 = -5*m + 13 + 7. Suppose m = -q - 1. Let o be z(q). Calculate the greatest common divisor of o and 60.
15
Suppose 4*o - 18 = -2*x, 2*o + 6*x = x + 13. What is the greatest common divisor of 20 and o?
4
Let m(h) = -9*h**3 - 3*h**2 - 7*h - 13. Let x be m(-3). Calculate the greatest common factor of x and 32.
32
Let c be 5/((-10)/24) - 2. Let m be (-4)/c - (-376)/7. Suppose b = -19 + m. Calculate the highest common factor of 7 and b.
7
Let j(z) = 2*z**3 + z**2 + 3*z. Let h be j(3). Calculate the greatest common factor of 24 and h.
24
Suppose 2*j = -0*j + 24. Suppose 26 = p + 2. What is the greatest common factor of j and p?
12
Let a be -2*((-84)/(-8) - 3). Let m = -9 - a. Calculate the greatest common divisor of m and 30.
6
Suppose 3*j - 15 = 0, -4*j + 44 = 2*s + s. What is the highest common divisor of s and 32?
8
Let x = 8 + -5. Suppose c = -4*d + 3*c + 194, -3*c = x. Suppose -5*u + 70 = 5*w, 2*w + 4*u - 16 = 8*u. Calculate the highest common divisor of d and w.
12
Suppose -5*l = -15, 4*c = 2*l - 4 - 2. Suppose 5*m - m = c. Suppose m*i - 20 = -2*i. What is the greatest common factor of i and 4